{"id":97,"date":"2025-06-28T19:44:17","date_gmt":"2025-06-28T17:44:17","guid":{"rendered":"http:\/\/investic.org\/?page_id=97"},"modified":"2025-06-28T20:05:26","modified_gmt":"2025-06-28T18:05:26","slug":"bienvenida","status":"publish","type":"page","link":"https:\/\/investic.org\/","title":{"rendered":"BIENVENIDA"},"content":{"rendered":"\n<p><\/p>\n\n\n\n<p>Estimados asociados, visitantes, colegas y colaboradores:<\/p>\n\n\n\n<p>Es un honor darles la m\u00e1s cordial bienvenida a <strong>INVESTIC<\/strong>, la Asociaci\u00f3n para la Promoci\u00f3n de la Investigaci\u00f3n, el Desarrollo y la Innovaci\u00f3n en la Ciencia de la Inform\u00e1tica y las Telecomunicaciones.<\/p>\n\n\n\n<p>Desde nuestra fundaci\u00f3n, nos hemos comprometido con una misi\u00f3n clara: fomentar el conocimiento, la excelencia cient\u00edfica y la transferencia tecnol\u00f3gica en dos de los sectores m\u00e1s estrat\u00e9gicos de la sociedad actual. Vivimos en una era marcada por la transformaci\u00f3n digital, y en<strong> INVESTIC<\/strong> creemos que el futuro se construye a trav\u00e9s de la investigaci\u00f3n rigurosa, el desarrollo aplicado y la colaboraci\u00f3n entre el mundo acad\u00e9mico, empresarial e institucional.<\/p>\n\n\n\n<p>Nuestra asociaci\u00f3n es un espacio abierto para investigadores, profesionales, estudiantes y entidades p\u00fablicas o privadas que compartan la pasi\u00f3n por la innovaci\u00f3n tecnol\u00f3gica y su impacto positivo en la sociedad. Promovemos proyectos, eventos cient\u00edficos, redes de conocimiento y publicaciones que buscan dar respuesta a los grandes retos digitales del siglo XXI.<\/p>\n\n\n\n<p>Les invito a recorrer este sitio, conocer nuestras iniciativas, participar activamente y ser parte de esta comunidad que cree en el poder de la ciencia, la tecnolog\u00eda y el talento humano para transformar el mundo.<\/p>\n\n\n\n<p class=\"has-text-align-right\">Con entusiasmo y convicci\u00f3n,<\/p>\n\n\n\n<p class=\"has-text-align-right\"><strong>Bartomeu Segura i Duran.<\/strong>&nbsp;<em>Presidente<\/em><\/p>\n\n\n\n<p class=\"has-text-align-right\">info@investic.org<\/p>\n","protected":false},"excerpt":{"rendered":"<p>Estimados asociados, visitantes, colegas y colaboradores: Es un honor darles la m\u00e1s cordial bienvenida a INVESTIC, la Asociaci\u00f3n para la Promoci\u00f3n de la Investigaci\u00f3n, el Desarrollo y la Innovaci\u00f3n en la Ciencia de la Inform\u00e1tica y las Telecomunicaciones. Desde nuestra fundaci\u00f3n, nos hemos comprometido con una misi\u00f3n clara: fomentar el conocimiento, la excelencia cient\u00edfica y &#8230; <a title=\"BIENVENIDA\" class=\"read-more\" href=\"https:\/\/investic.org\/\" aria-label=\"Leer m\u00e1s sobre BIENVENIDA\">Leer m\u00e1s<\/a><\/p>\n","protected":false},"author":1,"featured_media":0,"parent":0,"menu_order":1,"comment_status":"closed","ping_status":"closed","template":"","meta":{"footnotes":""},"class_list":["post-97","page","type-page","status-publish"],"_links":{"self":[{"href":"https:\/\/investic.org\/index.php?rest_route=\/wp\/v2\/pages\/97","targetHints":{"allow":["GET"]}}],"collection":[{"href":"https:\/\/investic.org\/index.php?rest_route=\/wp\/v2\/pages"}],"about":[{"href":"https:\/\/investic.org\/index.php?rest_route=\/wp\/v2\/types\/page"}],"author":[{"embeddable":true,"href":"https:\/\/investic.org\/index.php?rest_route=\/wp\/v2\/users\/1"}],"replies":[{"embeddable":true,"href":"https:\/\/investic.org\/index.php?rest_route=%2Fwp%2Fv2%2Fcomments&post=97"}],"version-history":[{"count":4,"href":"https:\/\/investic.org\/index.php?rest_route=\/wp\/v2\/pages\/97\/revisions"}],"predecessor-version":[{"id":104,"href":"https:\/\/investic.org\/index.php?rest_route=\/wp\/v2\/pages\/97\/revisions\/104"}],"wp:attachment":[{"href":"https:\/\/investic.org\/index.php?rest_route=%2Fwp%2Fv2%2Fmedia&parent=97"}],"curies":[{"name":"wp","href":"https:\/\/api.w.org\/{rel}","templated":true}]}}